{"id":5,"date":"2015-01-15T20:58:14","date_gmt":"2015-01-15T20:58:14","guid":{"rendered":"http:\/\/www.plantesetsavoirs.org\/?page_id=5"},"modified":"2017-05-12T07:47:28","modified_gmt":"2017-05-12T07:47:28","slug":"accueil","status":"publish","type":"page","link":"https:\/\/www.plantesetsavoirs.org\/","title":{"rendered":"Accueil"},"content":{"rendered":"<p style=\"text-align: left;\"><strong>Bienvenue sur le site du programme \u00ab\u00a0Plantes et savoirs\u00a0\u00bb de l&rsquo;association <a href=\"http:\/\/www.planteetplanete.org\" target=\"_blank\">Plante et Plan\u00e8te<\/a> !<\/strong><\/p>\n<p style=\"text-align: left;\">La 2\u00e8me \u00e9dition des Rencontres internationales <a href=\"http:\/\/www.plantesetsavoirs.org\/?p=59\" target=\"_blank\"><strong>\u00ab\u00a0Plantes et savoirs : dialogue des 5 continents\u00a0\u00bb<\/strong><\/a> vient de se terminer.<\/p>\n<p style=\"text-align: left;\">Nous allons maintenant rentrer dans la phase des bilans, du tri des photos, du montage de la vid\u00e9o souvenir que vous pourrez retrouver sur cette page.<\/p>\n<p style=\"text-align: left;\">Encore un grand merci aux invit\u00e9s \u00e9trangers des 4 autres continents, aux intervenants fran\u00e7ais, aux b\u00e9n\u00e9voles sans qui cela n&rsquo;aurait pas \u00e9t\u00e9 possible, et aux partenaires qui nous ont soutenus.<\/p>\n<p style=\"text-align: left;\">Nous venons de f\u00eater les 10 ans de l&rsquo;association d&rsquo;une mani\u00e8re r\u00e9jouissante et fertile pour la suite de nos aventures. C&rsquo;est la fin des Rencontres Internationales, mais cette fin ouvre des perspectives sur de nombreuses collaborations alors \u00e0 bient\u00f4t \u00e0 tous !<\/p>\n<p style=\"text-align: left;\">Pour en savoir plus sur notre association, n&rsquo;h\u00e9sitez pas \u00e0 visiter notre site www.planteetplanete.org<\/p>\n<p>&nbsp;<\/p>\n","protected":false},"excerpt":{"rendered":"<p>Bienvenue sur le site du programme \u00ab\u00a0Plantes et savoirs\u00a0\u00bb de l&rsquo;association Plante et Plan\u00e8te ! La 2\u00e8me \u00e9dition des Rencontres internationales \u00ab\u00a0Plantes et savoirs : dialogue des 5 continents\u00a0\u00bb vient de se terminer. Nous allons maintenant rentrer dans la phase des bilans, du tri des photos, du montage de la vid\u00e9o souvenir que vous pourrez &hellip; <a href=\"https:\/\/www.plantesetsavoirs.org\/\" class=\"more-link\">Continue reading <span class=\"screen-reader-text\">Accueil<\/span><\/a><\/p>\n","protected":false},"author":1,"featured_media":0,"parent":0,"menu_order":0,"comment_status":"closed","ping_status":"open","template":"","meta":{"footnotes":""},"class_list":["post-5","page","type-page","status-publish","hentry"],"_links":{"self":[{"href":"https:\/\/www.plantesetsavoirs.org\/index.php?rest_route=\/wp\/v2\/pages\/5","targetHints":{"allow":["GET"]}}],"collection":[{"href":"https:\/\/www.plantesetsavoirs.org\/index.php?rest_route=\/wp\/v2\/pages"}],"about":[{"href":"https:\/\/www.plantesetsavoirs.org\/index.php?rest_route=\/wp\/v2\/types\/page"}],"author":[{"embeddable":true,"href":"https:\/\/www.plantesetsavoirs.org\/index.php?rest_route=\/wp\/v2\/users\/1"}],"replies":[{"embeddable":true,"href":"https:\/\/www.plantesetsavoirs.org\/index.php?rest_route=%2Fwp%2Fv2%2Fcomments&post=5"}],"version-history":[{"count":16,"href":"https:\/\/www.plantesetsavoirs.org\/index.php?rest_route=\/wp\/v2\/pages\/5\/revisions"}],"predecessor-version":[{"id":619,"href":"https:\/\/www.plantesetsavoirs.org\/index.php?rest_route=\/wp\/v2\/pages\/5\/revisions\/619"}],"wp:attachment":[{"href":"https:\/\/www.plantesetsavoirs.org\/index.php?rest_route=%2Fwp%2Fv2%2Fmedia&parent=5"}],"curies":[{"name":"wp","href":"https:\/\/api.w.org\/{rel}","templated":true}]}}

<p style="text-align: left;"><strong>Bienvenue sur le site du programme « Plantes et savoirs » de l&rsquo;association <a href="http://www.planteetplanete.org" target="_blank">Plante et Planète</a> !</strong></p>
<p style="text-align: left;">La 2ème édition des Rencontres internationales <a href="http://www.plantesetsavoirs.org/?p=59" target="_blank"><strong>« Plantes et savoirs : dialogue des 5 continents »</strong></a> vient de se terminer.</p>
<p style="text-align: left;">Nous allons maintenant rentrer dans la phase des bilans, du tri des photos, du montage de la vidéo souvenir que vous pourrez retrouver sur cette page.</p>
<p style="text-align: left;">Encore un grand merci aux invités étrangers des 4 autres continents, aux intervenants français, aux bénévoles sans qui cela n&rsquo;aurait pas été possible, et aux partenaires qui nous ont soutenus.</p>
<p style="text-align: left;">Nous venons de fêter les 10 ans de l&rsquo;association d&rsquo;une manière réjouissante et fertile pour la suite de nos aventures. C&rsquo;est la fin des Rencontres Internationales, mais cette fin ouvre des perspectives sur de nombreuses collaborations alors à bientôt à tous !</p>
<p style="text-align: left;">Pour en savoir plus sur notre association, n&rsquo;hésitez pas à visiter notre site www.planteetplanete.org</p>
<p>&nbsp;</p>

<p>Bienvenue sur le site du programme « Plantes et savoirs » de l&rsquo;association Plante et Planète ! La 2ème édition des Rencontres internationales « Plantes et savoirs : dialogue des 5 continents » vient de se terminer. Nous allons maintenant rentrer dans la phase des bilans, du tri des photos, du montage de la vidéo souvenir que vous pourrez &hellip; <a href="https://www.plantesetsavoirs.org/" class="more-link">Continue reading <span class="screen-reader-text">Accueil</span></a></p>
