{"id":478,"date":"2017-03-31T15:43:30","date_gmt":"2017-03-31T15:43:30","guid":{"rendered":"http:\/\/www.plantesetsavoirs.org\/?page_id=478"},"modified":"2017-03-31T16:19:55","modified_gmt":"2017-03-31T16:19:55","slug":"notre-e-book","status":"publish","type":"page","link":"https:\/\/www.plantesetsavoirs.org\/?page_id=478","title":{"rendered":"Notre e-book"},"content":{"rendered":"<p class=\"text\"><span class=\"text\"><b><a href=\"http:\/\/www.planteetplanete.org\/index.php?s=7&amp;l=fr&amp;t=planteetplanete&amp;js=no&amp;cache=1&amp;a=showarticle&amp;r=674&amp;divpar=main&amp;divid=main_1&amp;divcode=mainBox#\"><img loading=\"lazy\" decoding=\"async\" class=\"imagetext alignleft\" title=\"Image\" src=\"http:\/\/www.planteetplanete.org\/pictures\/7\/2047hd.jpg\" alt=\"\" width=\"308\" height=\"480\" \/><\/a><\/b>Pour pr\u00e9parer le colloque du 22 avril 2017, ou pour en garder une trace, l&rsquo;Association Plante et Plan\u00e8te a coordonn\u00e9 la r\u00e9alisation d&rsquo;un e-book paru aux Editions du Souffle d&rsquo;Or <\/span><\/p>\n<p class=\"text\"><span class=\"text\"><strong>\u00ab\u00a0Plantes et savoirs &#8211;<br \/>\nT\u00e9moignages des 5 continents &#8211; Responsabilit\u00e9 et actions inspirantes\u00a0\u00bb.<\/strong> <\/span><\/p>\n<p class=\"text\"><span class=\"text\">13 auteurs partagent leur point de vue sur ces sujets.<br \/>\n<\/span><\/p>\n<p class=\"text\"><span class=\"text\">136 pages &#8211; 4,99 \u20ac<\/span><\/p>\n<p class=\"text\"><span class=\"text\">.<b><br \/>\n<\/b><\/span><\/p>\n<p class=\"text\">.<\/p>\n<p class=\"text\">.<\/p>\n<p class=\"text\">.<\/p>\n<p class=\"text\"><span class=\"text\">Pour le commander : <a href=\"http:\/\/www.souffledor.fr\/boutique\/produits_plantes-et-savoirs-temoignages-des-cinq-continents__3837.html\" target=\"_blank\">http:\/\/www.souffledor.fr\/boutique\/produits_plantes-et-savoirs-temoignages-des-cinq-continents__3837.html<\/a> <\/span><\/p>\n<p class=\"text\"><em><span class=\"text\">Auteurs : Oseas Barbaran S\u00e1nchez, Lucie Beno\u00eet, Laurence Chaber, Nathalie Frossard, Damien Gangloff, Patrick Gu\u00e9rin, Sara Mateo, Jean-Fran\u00e7ois Mboumba, Miguel Puescas Chully, Marie Romanens, Sanjitpaal Singh, Kara Ueki, Virginie Verdier, Tamara Wong.<\/span><\/em><\/p>\n<p>&nbsp;<\/p>\n<p>&#8212;&#8212;&#8212;&#8212;&#8212;&#8212;&#8212;&#8212;&#8212;&#8212;&#8212;-<\/p>\n<p>Durant les rencontres Plantes &amp; Savoirs, il nous est apparu que la notion de responsabilit\u00e9 est per\u00e7ue diff\u00e9remment d&rsquo;une culture \u00e0 l&rsquo;autre: en France, la responsabilit\u00e9 envers notre environnement est souvent ressentie comme une charge pesante, que l&rsquo;on pr\u00e9f\u00e8re occulter. Mais en s&rsquo;inspirant d&rsquo;autres cultures, pourrions-nous consid\u00e9rer la responsabilit\u00e9 ressentie envers les plantes et les \u00e9cosyst\u00e8mes comme une mani\u00e8re d&rsquo;affirmer positivement notre humanit\u00e9 ? Quels sont alors les leviers pour passer \u00e0 l&rsquo;action ? Quelles \u00e9volutions cela peut-il faire na\u00eetre chez les acteurs de terrain, qu&rsquo;ils soient scientifiques, porteurs de projets ou \u00ab\u00a0simples\u00a0\u00bb citoyens ?<\/p>\n<p>Ce livre permet d&rsquo;aborder ces th\u00e8mes essentiels et regroupe des t\u00e9moignages et r\u00e9flexions de divers acteurs de terrain que nous avons rencontr\u00e9s au cours de nos activit\u00e9s, en France et aux quatre coins du monde. Dans ces projets, nous avons \u00e0 c\u0153ur d&rsquo;instaurer un dialogue interculturel, afin que chacun participe \u00e0 cet \u00e9change d&rsquo;exp\u00e9riences sur les interactions hommes-plantes (conservation, protection, \u00e9ducation\u2026). Pour nous, c&rsquo;est la collaboration entre tous et avec les diff\u00e9rentes approches (scientifique, culturelle, spirituelle) qui permettra d&rsquo;envisager r\u00e9ellement une transition environnementale au b\u00e9n\u00e9fice de tous les \u00eatres vivants.<\/p>\n<p>C&rsquo;est ce que nous voulons partager avec vous, en esp\u00e9rant que ces t\u00e9moignages vous inspireront, et vous permettront de vous positionner \u00e0 votre juste place au c\u0153ur du Vivant.<br \/>\n<i><br \/>\nPour pouvoir le lire sur votre ordinateur, nous vous sugg\u00e9rons de t\u00e9l\u00e9charger gratuitement le logiciel Calibre<\/i><\/p>\n","protected":false},"excerpt":{"rendered":"<p>Pour pr\u00e9parer le colloque du 22 avril 2017, ou pour en garder une trace, l&rsquo;Association Plante et Plan\u00e8te a coordonn\u00e9 la r\u00e9alisation d&rsquo;un e-book paru aux Editions du Souffle d&rsquo;Or \u00ab\u00a0Plantes et savoirs &#8211; T\u00e9moignages des 5 continents &#8211; Responsabilit\u00e9 et actions inspirantes\u00a0\u00bb. 13 auteurs partagent leur point de vue sur ces sujets. 136 pages &hellip; <a href=\"https:\/\/www.plantesetsavoirs.org\/?page_id=478\" class=\"more-link\">Continue reading <span class=\"screen-reader-text\">Notre e-book<\/span><\/a><\/p>\n","protected":false},"author":1,"featured_media":0,"parent":0,"menu_order":0,"comment_status":"closed","ping_status":"open","template":"","meta":{"footnotes":""},"class_list":["post-478","page","type-page","status-publish","hentry"],"_links":{"self":[{"href":"https:\/\/www.plantesetsavoirs.org\/index.php?rest_route=\/wp\/v2\/pages\/478","targetHints":{"allow":["GET"]}}],"collection":[{"href":"https:\/\/www.plantesetsavoirs.org\/index.php?rest_route=\/wp\/v2\/pages"}],"about":[{"href":"https:\/\/www.plantesetsavoirs.org\/index.php?rest_route=\/wp\/v2\/types\/page"}],"author":[{"embeddable":true,"href":"https:\/\/www.plantesetsavoirs.org\/index.php?rest_route=\/wp\/v2\/users\/1"}],"replies":[{"embeddable":true,"href":"https:\/\/www.plantesetsavoirs.org\/index.php?rest_route=%2Fwp%2Fv2%2Fcomments&post=478"}],"version-history":[{"count":6,"href":"https:\/\/www.plantesetsavoirs.org\/index.php?rest_route=\/wp\/v2\/pages\/478\/revisions"}],"predecessor-version":[{"id":480,"href":"https:\/\/www.plantesetsavoirs.org\/index.php?rest_route=\/wp\/v2\/pages\/478\/revisions\/480"}],"wp:attachment":[{"href":"https:\/\/www.plantesetsavoirs.org\/index.php?rest_route=%2Fwp%2Fv2%2Fmedia&parent=478"}],"curies":[{"name":"wp","href":"https:\/\/api.w.org\/{rel}","templated":true}]}}

<p class="text"><span class="text"><b><a href="http://www.planteetplanete.org/index.php?s=7&amp;l=fr&amp;t=planteetplanete&amp;js=no&amp;cache=1&amp;a=showarticle&amp;r=674&amp;divpar=main&amp;divid=main_1&amp;divcode=mainBox#"><img loading="lazy" decoding="async" class="imagetext alignleft" title="Image" src="http://www.planteetplanete.org/pictures/7/2047hd.jpg" alt="" width="308" height="480" /></a></b>Pour préparer le colloque du 22 avril 2017, ou pour en garder une trace, l&rsquo;Association Plante et Planète a coordonné la réalisation d&rsquo;un e-book paru aux Editions du Souffle d&rsquo;Or </span></p>
<p class="text"><span class="text"><strong>« Plantes et savoirs &#8211;<br />
Témoignages des 5 continents &#8211; Responsabilité et actions inspirantes ».</strong> </span></p>
<p class="text"><span class="text">13 auteurs partagent leur point de vue sur ces sujets.<br />
</span></p>
<p class="text"><span class="text">136 pages &#8211; 4,99 €</span></p>
<p class="text"><span class="text">.<b><br />
</b></span></p>
<p class="text">.</p>
<p class="text">.</p>
<p class="text">.</p>
<p class="text"><span class="text">Pour le commander : <a href="http://www.souffledor.fr/boutique/produits_plantes-et-savoirs-temoignages-des-cinq-continents__3837.html" target="_blank">http://www.souffledor.fr/boutique/produits_plantes-et-savoirs-temoignages-des-cinq-continents__3837.html</a> </span></p>
<p class="text"><em><span class="text">Auteurs : Oseas Barbaran Sánchez, Lucie Benoît, Laurence Chaber, Nathalie Frossard, Damien Gangloff, Patrick Guérin, Sara Mateo, Jean-François Mboumba, Miguel Puescas Chully, Marie Romanens, Sanjitpaal Singh, Kara Ueki, Virginie Verdier, Tamara Wong.</span></em></p>
<p>&nbsp;</p>
<p>&#8212;&#8212;&#8212;&#8212;&#8212;&#8212;&#8212;&#8212;&#8212;&#8212;&#8212;-</p>
<p>Durant les rencontres Plantes &amp; Savoirs, il nous est apparu que la notion de responsabilité est perçue différemment d&rsquo;une culture à l&rsquo;autre: en France, la responsabilité envers notre environnement est souvent ressentie comme une charge pesante, que l&rsquo;on préfère occulter. Mais en s&rsquo;inspirant d&rsquo;autres cultures, pourrions-nous considérer la responsabilité ressentie envers les plantes et les écosystèmes comme une manière d&rsquo;affirmer positivement notre humanité ? Quels sont alors les leviers pour passer à l&rsquo;action ? Quelles évolutions cela peut-il faire naître chez les acteurs de terrain, qu&rsquo;ils soient scientifiques, porteurs de projets ou « simples » citoyens ?</p>
<p>Ce livre permet d&rsquo;aborder ces thèmes essentiels et regroupe des témoignages et réflexions de divers acteurs de terrain que nous avons rencontrés au cours de nos activités, en France et aux quatre coins du monde. Dans ces projets, nous avons à cœur d&rsquo;instaurer un dialogue interculturel, afin que chacun participe à cet échange d&rsquo;expériences sur les interactions hommes-plantes (conservation, protection, éducation…). Pour nous, c&rsquo;est la collaboration entre tous et avec les différentes approches (scientifique, culturelle, spirituelle) qui permettra d&rsquo;envisager réellement une transition environnementale au bénéfice de tous les êtres vivants.</p>
<p>C&rsquo;est ce que nous voulons partager avec vous, en espérant que ces témoignages vous inspireront, et vous permettront de vous positionner à votre juste place au cœur du Vivant.<br />
<i><br />
Pour pouvoir le lire sur votre ordinateur, nous vous suggérons de télécharger gratuitement le logiciel Calibre</i></p>

<p>Pour préparer le colloque du 22 avril 2017, ou pour en garder une trace, l&rsquo;Association Plante et Planète a coordonné la réalisation d&rsquo;un e-book paru aux Editions du Souffle d&rsquo;Or « Plantes et savoirs &#8211; Témoignages des 5 continents &#8211; Responsabilité et actions inspirantes ». 13 auteurs partagent leur point de vue sur ces sujets. 136 pages &hellip; <a href="https://www.plantesetsavoirs.org/?page_id=478" class="more-link">Continue reading <span class="screen-reader-text">Notre e-book</span></a></p>
