{"id":350,"date":"2016-12-26T11:40:42","date_gmt":"2016-12-26T11:40:42","guid":{"rendered":"http:\/\/www.plantesetsavoirs.org\/?page_id=350"},"modified":"2017-01-09T15:39:33","modified_gmt":"2017-01-09T15:39:33","slug":"evenements","status":"publish","type":"page","link":"https:\/\/www.plantesetsavoirs.org\/?page_id=350","title":{"rendered":"Ev\u00e8nements"},"content":{"rendered":"<p>Dans le cadre de nos rencontres internationales, nous organisons aussi des \u00e9v\u00e8nements en parall\u00e8le, comme la journ\u00e9e des enfants en partenariat avec Bioviva !<\/p>\n<p>De plus, nous c\u00e9l\u00e8brerons cette ann\u00e9e nos 10 ans d&rsquo;existence !<\/p>\n","protected":false},"excerpt":{"rendered":"<p>Dans le cadre de nos rencontres internationales, nous organisons aussi des \u00e9v\u00e8nements en parall\u00e8le, comme la journ\u00e9e des enfants en partenariat avec Bioviva ! De plus, nous c\u00e9l\u00e8brerons cette ann\u00e9e nos 10 ans d&rsquo;existence !<\/p>\n","protected":false},"author":1,"featured_media":0,"parent":0,"menu_order":0,"comment_status":"closed","ping_status":"open","template":"","meta":{"footnotes":""},"class_list":["post-350","page","type-page","status-publish","hentry"],"_links":{"self":[{"href":"https:\/\/www.plantesetsavoirs.org\/index.php?rest_route=\/wp\/v2\/pages\/350","targetHints":{"allow":["GET"]}}],"collection":[{"href":"https:\/\/www.plantesetsavoirs.org\/index.php?rest_route=\/wp\/v2\/pages"}],"about":[{"href":"https:\/\/www.plantesetsavoirs.org\/index.php?rest_route=\/wp\/v2\/types\/page"}],"author":[{"embeddable":true,"href":"https:\/\/www.plantesetsavoirs.org\/index.php?rest_route=\/wp\/v2\/users\/1"}],"replies":[{"embeddable":true,"href":"https:\/\/www.plantesetsavoirs.org\/index.php?rest_route=%2Fwp%2Fv2%2Fcomments&post=350"}],"version-history":[{"count":2,"href":"https:\/\/www.plantesetsavoirs.org\/index.php?rest_route=\/wp\/v2\/pages\/350\/revisions"}],"predecessor-version":[{"id":367,"href":"https:\/\/www.plantesetsavoirs.org\/index.php?rest_route=\/wp\/v2\/pages\/350\/revisions\/367"}],"wp:attachment":[{"href":"https:\/\/www.plantesetsavoirs.org\/index.php?rest_route=%2Fwp%2Fv2%2Fmedia&parent=350"}],"curies":[{"name":"wp","href":"https:\/\/api.w.org\/{rel}","templated":true}]}}