{"id":209,"date":"2015-03-16T21:05:02","date_gmt":"2015-03-16T21:05:02","guid":{"rendered":"http:\/\/www.plantesetsavoirs.org\/?page_id=209"},"modified":"2017-04-18T07:33:28","modified_gmt":"2017-04-18T07:33:28","slug":"partenaires","status":"publish","type":"page","link":"https:\/\/www.plantesetsavoirs.org\/?page_id=209","title":{"rendered":"Partenaires"},"content":{"rendered":"<p>Nous recherchons des partenaires financiers et du m\u00e9c\u00e9nat de comp\u00e9tences pour nous aider \u00e0 organiser ces Rencontres Internationales (colloque et tourn\u00e9e p\u00e9dagogique en IDF et en Occitanie). Si vous souhaitez vous associer \u00e0 notre \u00e9v\u00e9nement, merci de nous contacter !<\/p>\n<p><strong>\u00a0Partenaires op\u00e9rationnels :<\/strong><\/p>\n<p><a href=\"http:\/\/www.plantesetsavoirs.org\/wp-content\/uploads\/2015\/03\/semik-160-large.jpg\"><img loading=\"lazy\" decoding=\"async\" class=\" size-full wp-image-218 alignleft\" src=\"http:\/\/www.plantesetsavoirs.org\/wp-content\/uploads\/2015\/03\/semik-160-large.jpg\" alt=\"semik 160 large\" width=\"160\" height=\"81\" \/><\/a>Semi-K, une agence web cr\u00e9\u00e9e par J\u00e9r\u00f4me Micucci, un professionnel engag\u00e9 depuis des ann\u00e9es dans les th\u00e9matiques soci\u00e9tales. Il a fait et maintient le site web de Plante &amp; Plan\u00e8te et de cet \u00e9v\u00e9nement Plantes et savoirs.<\/p>\n<p>&nbsp;<\/p>\n<p><a href=\"http:\/\/www.plantesetsavoirs.org\/wp-content\/uploads\/2015\/03\/Kim-e-sens-Logo.png\"><img loading=\"lazy\" decoding=\"async\" class=\" size-full wp-image-251 alignleft\" src=\"http:\/\/www.plantesetsavoirs.org\/wp-content\/uploads\/2015\/03\/Kim-e-sens-Logo.png\" alt=\"Kim-e-sens-Logo\" width=\"161\" height=\"65\" \/><\/a>Kim-e-sens, c&rsquo;est H\u00e9l\u00e8ne le H\u00e9ron, qui nous accompagne depuis le d\u00e9but, du logo au graphisme des sites en passant par l&rsquo;exposition Vital V\u00e9g\u00e9tal, des \u00e9tiquettes, pochettes, etc. On est toujours aussi enthousiasm\u00e9s par sa cr\u00e9ativit\u00e9 au fil des ann\u00e9es&#8230; <a href=\"http:\/\/www.kim-e-sens.com\" target=\"_blank\">www.kim-e-sens.com<\/a><\/p>\n<p><strong> Partenaires financiers :<\/strong><\/p>\n<p><a href=\"http:\/\/www.plantesetsavoirs.org\/wp-content\/uploads\/2015\/03\/Gaia-grd-t-bio.jpg\"><img loading=\"lazy\" decoding=\"async\" class=\"alignnone  wp-image-301 alignleft\" src=\"http:\/\/www.plantesetsavoirs.org\/wp-content\/uploads\/2015\/03\/Gaia-grd-t-bio-300x300.jpg\" alt=\"Gaia grd t bio\" width=\"173\" height=\"187\" \/><\/a> Les Jardins de Ga\u00efa, pionniers et experts en th\u00e9s bio et \u00e9quitables, choisissent depuis 1994 des produits d\u2019exception et proposent une gamme de th\u00e9s nature, cr\u00e9ations maison, rooibos et infusions, issus de producteurs de confiance avec lesquels des relations fortes et durables ont \u00e9t\u00e9 nou\u00e9es. Des th\u00e9s d\u2019excellence aux qualit\u00e9s gustatives rares ! <a href=\"http:\/\/www.jardinsdegaia.com\" target=\"_blank\">www.jardinsdegaia.com<\/a><\/p>\n<p>&nbsp;<\/p>\n<p><span class=\"text\"><a href=\"http:\/\/www.plantesetsavoirs.org\/wp-content\/uploads\/2017\/04\/Groupe-STEVA-160-large.jpg\"><img loading=\"lazy\" decoding=\"async\" class=\" size-full wp-image-520 alignleft\" src=\"http:\/\/www.plantesetsavoirs.org\/wp-content\/uploads\/2017\/04\/Groupe-STEVA-160-large.jpg\" alt=\"Groupe STEVA 160 large\" width=\"161\" height=\"79\" \/><\/a>Steva est un groupe industriel fran\u00e7ais fabriquant des pi\u00e8ces d\u00e9tach\u00e9es pour le secteur automobile. Sa vocation internationale le rend sensible aux valeurs de dialogue et coop\u00e9ration interculturels v\u00e9hicul\u00e9es par l\u2019association Plante et Plan\u00e8te \u00e0 travers le programme \u00ab\u00a0Pantes et savoirs, dialogue des 5 continents\u00a0\u00bb. Leur soutien permet la bonne r\u00e9alisation du colloque international du 22 avril 2017. www.groupe-steva.eu<\/span><\/p>\n<p>&nbsp;<\/p>\n<p><strong> Partenaires presse :<\/strong><\/p>\n<p><a href=\"http:\/\/www.plantesetsavoirs.org\/wp-content\/uploads\/2017\/02\/ps.jpg\"><img loading=\"lazy\" decoding=\"async\" class=\"  wp-image-400 alignleft\" src=\"http:\/\/www.plantesetsavoirs.org\/wp-content\/uploads\/2017\/02\/ps-300x174.jpg\" alt=\"p&amp;s\" width=\"162\" height=\"94\" srcset=\"https:\/\/www.plantesetsavoirs.org\/wp-content\/uploads\/2017\/02\/ps-300x174.jpg 300w, https:\/\/www.plantesetsavoirs.org\/wp-content\/uploads\/2017\/02\/ps-1024x592.jpg 1024w, https:\/\/www.plantesetsavoirs.org\/wp-content\/uploads\/2017\/02\/ps.jpg 1075w\" sizes=\"auto, (max-width: 162px) 100vw, 162px\" \/><\/a>Le mensuel Plantes &amp; Sant\u00e9 est un magazine destin\u00e9 \u00e0 tous les amoureux du r\u00e8gne v\u00e9g\u00e9tal. Ancr\u00e9 dans le domaine de la sant\u00e9, il informe de fa\u00e7on pratique aussi bien sur les savoirs de l\u2019herboristerie traditionnelle que sur la science de la phytoth\u00e9rapie moderne. D\u00e9cryptage des vertus des plantes, confection de rem\u00e8des font \u00e9cho \u00e0 l\u2019histoire des plantes mais aussi aux enjeux de la biodiversit\u00e9 ou de l\u2019agro-\u00e9cologie. Au fil des pages, richement illustr\u00e9es, les plantes d\u00e9voilent tout ce qu\u2019elles ont \u00e0 nous apprendre. Recettes v\u00e9g\u00e9tariennes, conseils de jardinage et de cueillette sauvage compl\u00e8tent ce magazine d\u00e9di\u00e9 \u00e0 l\u2019art de vivre au naturel.<\/p>\n<p>&nbsp;<\/p>\n<p><a href=\"http:\/\/www.plantesetsavoirs.org\/wp-content\/uploads\/2017\/04\/Orbs_Logo.jpg\"><img loading=\"lazy\" decoding=\"async\" class=\" size-full wp-image-569 alignleft\" src=\"http:\/\/www.plantesetsavoirs.org\/wp-content\/uploads\/2017\/04\/Orbs_Logo.jpg\" alt=\"Orbs_Logo\" width=\"160\" height=\"62\" \/><\/a>La revue \u00ab\u00a0<span class=\"il\">Orbs<\/span>, l&rsquo;autre Planete\u00a0\u00bb, est une revue arts, sciences, humanit\u00e9s et consciences, imprim\u00e9 en France, illustr\u00e9 avec soin et sans publicit\u00e9, qui donne la parole \u00e0 des prix Nobel, des chercheurs, des artistes, des universitaires travers\u00e9s de souffles transdisciplinaires. Revue globale et cosmopolite, \u00ab\u00a0<span class=\"il\">Orbs<\/span>, l&rsquo;autre Plan\u00e8te\u00a0\u00bb voyage entre les continents, de l&rsquo;Australie \u00e0 l&rsquo;Europe du Nord, de l&rsquo;Afrique \u00e0 l&rsquo;Am\u00e9rique du Sud. L&rsquo;arch\u00e9ologie, l&rsquo;astrophysique, le psi, la g\u00e9n\u00e9tique, l&rsquo;\u00e9conomie \u00e9cologique et l&rsquo;art sacr\u00e9 sont avec la culture de la paix et les sagesses traditionnelles des th\u00e8mes naturels des pages de\u00a0<span class=\"il\">Orbs<\/span>, la revue qui relie.\u00a0<a href=\"http:\/\/www.orbs.fr\/\" target=\"_blank\" data-saferedirecturl=\"https:\/\/www.google.com\/url?hl=fr&amp;q=http:\/\/www.orbs.fr&amp;source=gmail&amp;ust=1492258571311000&amp;usg=AFQjCNEa9qqrUcZlwGG64dk6T5580j7MgQ\">www.<span class=\"il\">orbs<\/span>.fr<\/a><\/p>\n<p><a href=\"http:\/\/www.plantesetsavoirs.org\/wp-content\/uploads\/2017\/04\/image001.png\"><img loading=\"lazy\" decoding=\"async\" class=\" size-full wp-image-572 alignleft\" src=\"http:\/\/www.plantesetsavoirs.org\/wp-content\/uploads\/2017\/04\/image001.png\" alt=\"image001\" width=\"160\" height=\"65\" \/><\/a>&lsquo;R<span class=\"il\">espire<\/span>&lsquo; est le magazine qui accompagne ses lectrices \u00e0 la d\u00e9couverte de leur moi v\u00e9ritable, de leur vraie nature.<br \/>\nCalme et apaisant, faisant le lien entre le corps et l\u2019esprit et invitant au l\u00e2cher-prise, &lsquo;<span class=\"il\">respire<\/span>&lsquo; refl\u00e8te bien cet \u00e9tat de s\u00e9r\u00e9nit\u00e9 primordiale que nous pouvons tous retrouver.<br \/>\nPlus qu\u2019un simple f\u00e9minin, &lsquo;<span class=\"il\">respire<\/span>&lsquo; est un magazine bienfaisant et bienveillant dont le ma\u00eetre-mot est l\u2019attention : tenter d\u2019\u00eatre toujours plus attentif \u00e0 soi, aux autres, au monde, c\u2019est ainsi que nous b\u00e2tissons un monde plus beau.\u00a0<a href=\"http:\/\/www.respiremagazine.fr\/\" target=\"_blank\" data-saferedirecturl=\"https:\/\/www.google.com\/url?hl=fr&amp;q=http:\/\/www.respiremagazine.fr\/&amp;source=gmail&amp;ust=1492258720261000&amp;usg=AFQjCNHLy7KoxwlvLbdybzttnc9CrQYNoQ\">http:\/\/www.respiremagazine.fr\/<\/a><\/p>\n","protected":false},"excerpt":{"rendered":"<p>Nous recherchons des partenaires financiers et du m\u00e9c\u00e9nat de comp\u00e9tences pour nous aider \u00e0 organiser ces Rencontres Internationales (colloque et tourn\u00e9e p\u00e9dagogique en IDF et en Occitanie). Si vous souhaitez vous associer \u00e0 notre \u00e9v\u00e9nement, merci de nous contacter ! \u00a0Partenaires op\u00e9rationnels : Semi-K, une agence web cr\u00e9\u00e9e par J\u00e9r\u00f4me Micucci, un professionnel engag\u00e9 depuis &hellip; <a href=\"https:\/\/www.plantesetsavoirs.org\/?page_id=209\" class=\"more-link\">Continue reading <span class=\"screen-reader-text\">Partenaires<\/span><\/a><\/p>\n","protected":false},"author":1,"featured_media":0,"parent":0,"menu_order":0,"comment_status":"closed","ping_status":"open","template":"","meta":{"footnotes":""},"class_list":["post-209","page","type-page","status-publish","hentry"],"_links":{"self":[{"href":"https:\/\/www.plantesetsavoirs.org\/index.php?rest_route=\/wp\/v2\/pages\/209","targetHints":{"allow":["GET"]}}],"collection":[{"href":"https:\/\/www.plantesetsavoirs.org\/index.php?rest_route=\/wp\/v2\/pages"}],"about":[{"href":"https:\/\/www.plantesetsavoirs.org\/index.php?rest_route=\/wp\/v2\/types\/page"}],"author":[{"embeddable":true,"href":"https:\/\/www.plantesetsavoirs.org\/index.php?rest_route=\/wp\/v2\/users\/1"}],"replies":[{"embeddable":true,"href":"https:\/\/www.plantesetsavoirs.org\/index.php?rest_route=%2Fwp%2Fv2%2Fcomments&post=209"}],"version-history":[{"count":24,"href":"https:\/\/www.plantesetsavoirs.org\/index.php?rest_route=\/wp\/v2\/pages\/209\/revisions"}],"predecessor-version":[{"id":588,"href":"https:\/\/www.plantesetsavoirs.org\/index.php?rest_route=\/wp\/v2\/pages\/209\/revisions\/588"}],"wp:attachment":[{"href":"https:\/\/www.plantesetsavoirs.org\/index.php?rest_route=%2Fwp%2Fv2%2Fmedia&parent=209"}],"curies":[{"name":"wp","href":"https:\/\/api.w.org\/{rel}","templated":true}]}}

<p>Nous recherchons des partenaires financiers et du mécénat de compétences pour nous aider à organiser ces Rencontres Internationales (colloque et tournée pédagogique en IDF et en Occitanie). Si vous souhaitez vous associer à notre événement, merci de nous contacter !</p>
<p><strong> Partenaires opérationnels :</strong></p>
<p><a href="http://www.plantesetsavoirs.org/wp-content/uploads/2015/03/semik-160-large.jpg"><img loading="lazy" decoding="async" class=" size-full wp-image-218 alignleft" src="http://www.plantesetsavoirs.org/wp-content/uploads/2015/03/semik-160-large.jpg" alt="semik 160 large" width="160" height="81" /></a>Semi-K, une agence web créée par Jérôme Micucci, un professionnel engagé depuis des années dans les thématiques sociétales. Il a fait et maintient le site web de Plante &amp; Planète et de cet événement Plantes et savoirs.</p>
<p>&nbsp;</p>
<p><a href="http://www.plantesetsavoirs.org/wp-content/uploads/2015/03/Kim-e-sens-Logo.png"><img loading="lazy" decoding="async" class=" size-full wp-image-251 alignleft" src="http://www.plantesetsavoirs.org/wp-content/uploads/2015/03/Kim-e-sens-Logo.png" alt="Kim-e-sens-Logo" width="161" height="65" /></a>Kim-e-sens, c&rsquo;est Hélène le Héron, qui nous accompagne depuis le début, du logo au graphisme des sites en passant par l&rsquo;exposition Vital Végétal, des étiquettes, pochettes, etc. On est toujours aussi enthousiasmés par sa créativité au fil des années&#8230; <a href="http://www.kim-e-sens.com" target="_blank">www.kim-e-sens.com</a></p>
<p><strong> Partenaires financiers :</strong></p>
<p><a href="http://www.plantesetsavoirs.org/wp-content/uploads/2015/03/Gaia-grd-t-bio.jpg"><img loading="lazy" decoding="async" class="alignnone  wp-image-301 alignleft" src="http://www.plantesetsavoirs.org/wp-content/uploads/2015/03/Gaia-grd-t-bio-300x300.jpg" alt="Gaia grd t bio" width="173" height="187" /></a> Les Jardins de Gaïa, pionniers et experts en thés bio et équitables, choisissent depuis 1994 des produits d’exception et proposent une gamme de thés nature, créations maison, rooibos et infusions, issus de producteurs de confiance avec lesquels des relations fortes et durables ont été nouées. Des thés d’excellence aux qualités gustatives rares ! <a href="http://www.jardinsdegaia.com" target="_blank">www.jardinsdegaia.com</a></p>
<p>&nbsp;</p>
<p><span class="text"><a href="http://www.plantesetsavoirs.org/wp-content/uploads/2017/04/Groupe-STEVA-160-large.jpg"><img loading="lazy" decoding="async" class=" size-full wp-image-520 alignleft" src="http://www.plantesetsavoirs.org/wp-content/uploads/2017/04/Groupe-STEVA-160-large.jpg" alt="Groupe STEVA 160 large" width="161" height="79" /></a>Steva est un groupe industriel français fabriquant des pièces détachées pour le secteur automobile. Sa vocation internationale le rend sensible aux valeurs de dialogue et coopération interculturels véhiculées par l’association Plante et Planète à travers le programme « Pantes et savoirs, dialogue des 5 continents ». Leur soutien permet la bonne réalisation du colloque international du 22 avril 2017. www.groupe-steva.eu</span></p>
<p>&nbsp;</p>
<p><strong> Partenaires presse :</strong></p>
<p><a href="http://www.plantesetsavoirs.org/wp-content/uploads/2017/02/ps.jpg"><img loading="lazy" decoding="async" class="  wp-image-400 alignleft" src="http://www.plantesetsavoirs.org/wp-content/uploads/2017/02/ps-300x174.jpg" alt="p&amp;s" width="162" height="94" srcset="https://www.plantesetsavoirs.org/wp-content/uploads/2017/02/ps-300x174.jpg 300w, https://www.plantesetsavoirs.org/wp-content/uploads/2017/02/ps-1024x592.jpg 1024w, https://www.plantesetsavoirs.org/wp-content/uploads/2017/02/ps.jpg 1075w" sizes="auto, (max-width: 162px) 100vw, 162px" /></a>Le mensuel Plantes &amp; Santé est un magazine destiné à tous les amoureux du règne végétal. Ancré dans le domaine de la santé, il informe de façon pratique aussi bien sur les savoirs de l’herboristerie traditionnelle que sur la science de la phytothérapie moderne. Décryptage des vertus des plantes, confection de remèdes font écho à l’histoire des plantes mais aussi aux enjeux de la biodiversité ou de l’agro-écologie. Au fil des pages, richement illustrées, les plantes dévoilent tout ce qu’elles ont à nous apprendre. Recettes végétariennes, conseils de jardinage et de cueillette sauvage complètent ce magazine dédié à l’art de vivre au naturel.</p>
<p>&nbsp;</p>
<p><a href="http://www.plantesetsavoirs.org/wp-content/uploads/2017/04/Orbs_Logo.jpg"><img loading="lazy" decoding="async" class=" size-full wp-image-569 alignleft" src="http://www.plantesetsavoirs.org/wp-content/uploads/2017/04/Orbs_Logo.jpg" alt="Orbs_Logo" width="160" height="62" /></a>La revue « <span class="il">Orbs</span>, l&rsquo;autre Planete », est une revue arts, sciences, humanités et consciences, imprimé en France, illustré avec soin et sans publicité, qui donne la parole à des prix Nobel, des chercheurs, des artistes, des universitaires traversés de souffles transdisciplinaires. Revue globale et cosmopolite, « <span class="il">Orbs</span>, l&rsquo;autre Planète » voyage entre les continents, de l&rsquo;Australie à l&rsquo;Europe du Nord, de l&rsquo;Afrique à l&rsquo;Amérique du Sud. L&rsquo;archéologie, l&rsquo;astrophysique, le psi, la génétique, l&rsquo;économie écologique et l&rsquo;art sacré sont avec la culture de la paix et les sagesses traditionnelles des thèmes naturels des pages de <span class="il">Orbs</span>, la revue qui relie. <a href="http://www.orbs.fr/" target="_blank" data-saferedirecturl="https://www.google.com/url?hl=fr&amp;q=http://www.orbs.fr&amp;source=gmail&amp;ust=1492258571311000&amp;usg=AFQjCNEa9qqrUcZlwGG64dk6T5580j7MgQ">www.<span class="il">orbs</span>.fr</a></p>
<p><a href="http://www.plantesetsavoirs.org/wp-content/uploads/2017/04/image001.png"><img loading="lazy" decoding="async" class=" size-full wp-image-572 alignleft" src="http://www.plantesetsavoirs.org/wp-content/uploads/2017/04/image001.png" alt="image001" width="160" height="65" /></a>&lsquo;R<span class="il">espire</span>&lsquo; est le magazine qui accompagne ses lectrices à la découverte de leur moi véritable, de leur vraie nature.<br />
Calme et apaisant, faisant le lien entre le corps et l’esprit et invitant au lâcher-prise, &lsquo;<span class="il">respire</span>&lsquo; reflète bien cet état de sérénité primordiale que nous pouvons tous retrouver.<br />
Plus qu’un simple féminin, &lsquo;<span class="il">respire</span>&lsquo; est un magazine bienfaisant et bienveillant dont le maître-mot est l’attention : tenter d’être toujours plus attentif à soi, aux autres, au monde, c’est ainsi que nous bâtissons un monde plus beau. <a href="http://www.respiremagazine.fr/" target="_blank" data-saferedirecturl="https://www.google.com/url?hl=fr&amp;q=http://www.respiremagazine.fr/&amp;source=gmail&amp;ust=1492258720261000&amp;usg=AFQjCNHLy7KoxwlvLbdybzttnc9CrQYNoQ">http://www.respiremagazine.fr/</a></p>

<p>Nous recherchons des partenaires financiers et du mécénat de compétences pour nous aider à organiser ces Rencontres Internationales (colloque et tournée pédagogique en IDF et en Occitanie). Si vous souhaitez vous associer à notre événement, merci de nous contacter !  Partenaires opérationnels : Semi-K, une agence web créée par Jérôme Micucci, un professionnel engagé depuis &hellip; <a href="https://www.plantesetsavoirs.org/?page_id=209" class="more-link">Continue reading <span class="screen-reader-text">Partenaires</span></a></p>
